{"id":7,"date":"2025-12-20T16:29:29","date_gmt":"2025-12-20T13:29:29","guid":{"rendered":"https:\/\/www.onlinekamu.com\/index.php\/kullanici-hesabi\/"},"modified":"2025-12-20T16:29:29","modified_gmt":"2025-12-20T13:29:29","slug":"kullanici-hesabi","status":"publish","type":"page","link":"https:\/\/www.onlinekamu.com\/index.php\/kullanici-hesabi\/","title":{"rendered":"Kullan\u0131c\u0131 hesab\u0131"},"content":{"rendered":"","protected":false},"excerpt":{"rendered":"","protected":false},"author":1,"featured_media":0,"parent":0,"menu_order":0,"comment_status":"closed","ping_status":"closed","template":"","meta":{"footnotes":""},"class_list":["post-7","page","type-page","status-publish","hentry"],"_links":{"self":[{"href":"https:\/\/www.onlinekamu.com\/index.php\/wp-json\/wp\/v2\/pages\/7","targetHints":{"allow":["GET"]}}],"collection":[{"href":"https:\/\/www.onlinekamu.com\/index.php\/wp-json\/wp\/v2\/pages"}],"about":[{"href":"https:\/\/www.onlinekamu.com\/index.php\/wp-json\/wp\/v2\/types\/page"}],"author":[{"embeddable":true,"href":"https:\/\/www.onlinekamu.com\/index.php\/wp-json\/wp\/v2\/users\/1"}],"replies":[{"embeddable":true,"href":"https:\/\/www.onlinekamu.com\/index.php\/wp-json\/wp\/v2\/comments?post=7"}],"version-history":[{"count":0,"href":"https:\/\/www.onlinekamu.com\/index.php\/wp-json\/wp\/v2\/pages\/7\/revisions"}],"wp:attachment":[{"href":"https:\/\/www.onlinekamu.com\/index.php\/wp-json\/wp\/v2\/media?parent=7"}],"curies":[{"name":"wp","href":"https:\/\/api.w.org\/{rel}","templated":true}]}}